
Suppose -12*s + 6 = -6*s. Let w(h) = -4*h**3 + 4*h - 4. Let d be w(s). List the prime factors of (-2)/((-1)/(9 - (d + 6))).
2, 7
Let i(h) = -h**3 + 37*h**2 + 136. What are the prime factors of i(18)?
2, 11, 13
Suppose -513 = -106*y + 103*y. Suppose 5*n - 819 = y. List the prime factors of n.
2, 3, 11
Let c = 66 + -37. Let b be -4*(2 + 615/20 - -4). Let i = c - b. List the prime factors of i.
2, 11
Suppose -5*j = -2*j. Suppose 11*x + 673 - 2774 = j. Suppose 8*f = 9*f - x. What are the prime factors of f?
191
Suppose -49738 - 36446 = -12*i - 23508. List the prime factors of i.
3, 1741
Let i(o) be the first derivative of 115*o**4/12 - 2*o**3/3 + 2*o**2 - 6*o + 15. Let l(h) be the first derivative of i(h). List the prime factors of l(1).
5, 23
Let n be (-2)/((-2)/35)*(17 - 8). Let g = n + -193. What are the prime factors of g?
2, 61
Let d(n) = 143*n**2 - 33*n + 269. List the prime factors of d(11).
17209
Let n be 10/(1/(5/20*2)). List the prime factors of n/((-15)/(-18)) - -116.
2, 61
Let t = 148 + -162. What are the prime factors of (t/4)/(-1)*(22 - -2)?
2, 3, 7
Let h(r) = -304*r + 15. Suppose -7*f - 20 = 3*f. What are the prime factors of h(f)?
7, 89
What are the prime factors of ((-77672)/(-32))/(1/24)?
2, 3, 7, 19, 73
Suppose 18*k + 6634 = 77752. What are the prime factors of k?
3, 439
Suppose 3*q - 399816 = -3*q - 66*q. List the prime factors of q.
3, 617
Let h be (14 + -2 - 6) + 155. Suppose -5*a - h = -726. What are the prime factors of a?
113
Let t = -9315 + 20379. What are the prime factors of t?
2, 3, 461
Let l(c) = 19*c - 74. Let r be l(4). Let z(d) = 16*d**3 - 7*d**2 - d + 6. What are the prime factors of z(r)?
2, 13
What are the prime factors of (-100 - -70)/((-6)/164)?
2, 5, 41
Suppose -12928 = -2*j - 0*r - r, j - 2*r - 6449 = 0. What are the prime factors of j?
7, 13, 71
Suppose -j + y + 12 = 0, 0*y = -4*j - 3*y + 20. Let u(p) = 28*p + 43. Let q be u(j). Suppose q + 309 = 9*b. What are the prime factors of b?
2
Suppose -2 = -2*v, 109*v = 5*c + 110*v - 169161. What are the prime factors of c?
2, 4229
Suppose 4*c - 3*i = 59191 + 24020, 0 = 5*c + 5*i - 104075. List the prime factors of c.
2, 3, 17
Let k(x) = -x**3 + 20*x + 2. Suppose -b = -16 + 12. Let y be k(b). Suppose 21*q - y*q = 276. What are the prime factors of q?
2, 23
What are the prime factors of 27*37/4995 + 273334/5?
54667
Suppose 0 = 3*f + 3*h - 1311, -20*f + 5*h + 2205 = -15*f. Suppose -434*l - 1995 = -f*l. What are the prime factors of l?
3, 7, 19
Let u(y) = -y**3 + 8*y**2 - 8*y + 16. Let m be u(7). Let f be -6*(15/(-8))/((-42)/56). List the prime factors of 10*m*(-1)/f.
2, 3
Suppose -1153*t = -1189*t + 1502928. List the prime factors of t.
2, 3, 7, 71
Suppose 2*j = 12*a - 11*a - 4769, -j = 0. Suppose -8*u + 1599 = -a. What are the prime factors of u?
2, 199
What are the prime factors of (-7 + 174/12)*(-57568)/(-40)?
2, 3, 7, 257
Let n(j) = 2*j**3 + 6*j**2 - 3*j + 1. Let h be n(-5). Let y be (-320)/(-6)*372/155. Let t = h + y. What are the prime factors of t?
2, 11
Suppose -3*j - 4*h = -1231, -2*j + 822 = -3*h + 7*h. What are the prime factors of (6/(-6) - -5) + j?
7, 59
Suppose -42 = -7*b + 2*b - 4*p, 0 = 2*b + 2*p - 18. List the prime factors of (0 - (-169 + b)) + 6.
13
Suppose 0 = 4*f - 5*r - 46706, -8*f - 4*r = -10*f + 23362. List the prime factors of f.
7, 1667
Let b = 326 + -332. Let y(i) = -98*i + 38. List the prime factors of y(b).
2, 313
Let w(y) = y**2 + 6*y - 50. Let s be w(-16). Let u = 7 - s. Let b = u + 278. List the prime factors of b.
5, 7
Let x(y) = 59*y + 414. Let a(g) = -53*g - 414. Let h(w) = 2*a(w) + 3*x(w). What are the prime factors of h(9)?
3, 13
Suppose 5*d + 169 = 8*a - 6*a, 0 = -4*a - 2*d + 398. Suppose a*i - 1504 = 89*i. What are the prime factors of i?
2, 47
Let u = -67 - -77. Suppose -u*q + 1357 + 4333 = 0. What are the prime factors of q?
569
Let r = -12 - -6. Let h(k) be the second derivative of -13*k**3/6 - 10*k**2 - 2*k + 3. List the prime factors of h(r).
2, 29
Suppose 6*p = -p + 28. Suppose p*a = a - 273. Let s = a - -132. List the prime factors of s.
41
Let b = 6 + 3. Suppose -b - 9 = 3*u. What are the prime factors of (7/u*-28)/((-5)/(-15))?
2, 7
Let c = 16539 - 2962. List the prime factors of c.
13577
Let x(w) = 4*w**2 + 5*w + 686. List the prime factors of x(46).
2, 5, 7, 67
Let r(z) = 17*z**3 + 7*z**2 + 7*z - 2. Let u be r(-2). Let m = u - -135. What are the prime factors of m?
11
Let u(h) = -11 + 51*h - 32 - 23 + 20. List the prime factors of u(7).
311
What are the prime factors of (130/(-5) + 9)*((-485 - 3) + 1)?
17, 487
Let p = 15 - 12. Suppose 2*j + p*l - 158 = 0, 88 = -3*j - 5*l + 325. What are the prime factors of j + 1 - (1 - -3)?
2, 19
Suppose 6 = -2*p - 0*l + 4*l, -3*p = 3*l - 9. What are the prime factors of 217 + 2 - p - 3?
5, 43
Let k be (2/(-3)*-1)/(2/93). Let y = k - 28. Suppose -4*i - 382 = -9*i + 4*d, -2*i + 157 = -y*d. List the prime factors of i.
2, 37
Suppose -n = u - 373, -n + 3*u + 38 = -355. Suppose 4*a - n = -2*a. Let j = a + -60. List the prime factors of j.
3
Let a(s) = 9*s**3 - 70*s**2 - s + 10. What are the prime factors of a(17)?
2, 5, 11, 109
Suppose 17*l - 8559 = 6*l + 195623. What are the prime factors of l?
2, 9281
Let z = -28416 + 45114. What are the prime factors of z?
2, 3, 11, 23
Let t = -83 - -164. Let h = -271 + t. Let f = 293 + h. What are the prime factors of f?
103
Suppose -2*x = 2*q - 43942, 7 = 5*x + 2. What are the prime factors of q?
2, 5, 13
Let t = -91 + 52. List the prime factors of t*(-1 - 10*10/15).
13, 23
Suppose 0 = -3*i - i. Suppose i = k - 4*k + 15. What are the prime factors of k?
5
Let h = 195 + -188. Suppose -h*y + 2482 - 60 = 0. What are the prime factors of y?
2, 173
Suppose -10*k + 9 = -11. Let y be (324 - (3 - 7))/k. Let h = -66 + y. List the prime factors of h.
2, 7
Let t = 159 - -507. Let i(y) = y**3 + y**2 + 3. Let p be i(0). Suppose -5*b + 3*c = -t, -p*b + 4*b - 138 = -c. What are the prime factors of b?
3, 5
Suppose -13*g + 8*g - 122960 = -2*a, -g + 184372 = 3*a. What are the prime factors of a?
2, 5, 7, 439
Let m = -22270 + 40833. List the prime factors of m.
19, 977
Suppose 209300 = 3449*j - 3423*j. What are the prime factors of j?
2, 5, 7, 23
Suppose -4*d = 21*d - 125. Let v be ((-240)/(-14))/(3/21). Suppose 2*u + 4*c = 34, 4*u + 0*c = d*c + v. List the prime factors of u.
5
Let f(v) be the third derivative of v**5/60 + 13*v**4/24 + 11*v**3/2 - 6*v**2 - 1. List the prime factors of f(-28).
3, 151
Let w = 169 - 169. Suppose -5*j - c + 2067 = w, 2*j + 6*c - 836 = c. What are the prime factors of j?
7, 59
Let j = -485 - -489. Suppose 5*x - 4380 = j*a, -3*x - 3*a - 301 + 2902 = 0. What are the prime factors of x?
2, 109
Suppose -8 - 2 = -5*p - 5*x, -4*x = 0. Let q be (9/(-3) - 1) + p. What are the prime factors of (-12)/24*89*q?
89
Let s be (-11)/(-7) + 3*1/7. Suppose 0 = -2*b - 3*j - 0*j + 64, s*b = j + 72. What are the prime factors of b?
5, 7
Suppose 17*m - 300 = 21*m. Let y = m + 401. List the prime factors of y.
2, 163
Let a be 1/((2/(-3))/(12 + -32)). Let k = -23 - a. Let x = k + 247. What are the prime factors of x?
2, 97
Let x = 3 + -4. Let b = -1485 + 1463. List the prime factors of 36/x*b/4.
2, 3, 11
Let w = 647 - 351. Let b = 209 + w. List the prime factors of b.
5, 101
Suppose 3*x = 6, -752 = -2*h - 3*h + 4*x. Let d = h + 253. What are the prime factors of d?
3, 5
Let u be (14/(-21))/(2/537). Let y = u + -80. Let t = -181 - y. What are the prime factors of t?
2, 3, 13
Let u(j) = -222*j**3 - 13*j**2 - 125*j + 17. List the prime factors of u(-5).
13, 17, 127
Suppose 0 = -151*d + 114*d + 393532. What are the prime factors of d?
2, 2659
List the prime factors of ((-1656)/10)/((-10)/225).
2, 3, 23
Let s(f) = 2*f**3 - 13*f**2 - 53*f + 42. What are the prime factors of s(14)?
2, 5, 7
List the prime factors of (46/(-115))/(2/(-42325)).
5, 1693
Suppose 5397*r = 5402*r - 40. Suppose 0 = r*n - 11124 - 1044. What are the prime factors of n?
3, 13
Let w = 4469 + -3212. What are the prime factors of w?
3, 419
Let u(y) = -y**3 - 15*y**2 + 14*y - 12. Let b be u(-16). Suppose -4*d = -b, d - 805 = 5*r - d. List the prime factors of (r/(-12))/(1/8).
2, 53
Suppose 0 = -4*g - 34 + 90. Suppose -g*j + 12 = -11*j. Suppose v + 3*i - 230 = 0, -j*i - 2 = -5*i. What are the pr